is the units digit of x + 3/((-6)/(-4))?
4
Let v be (5/(-4))/((-7)/(-28)). What is the tens digit of v/(-20) - (-75)/4?
1
Let x(p) = 5 + 3 + p**2 + 2*p - 11. Let h = -8 - -4. What is the units digit of x(h)?
5
Let o(k) = 2*k**2 - 2*k + 1. Suppose 14 = 5*c + 3*p, 3*p = c - 0*c + 8. What is the units digit of o(c)?
1
Suppose 574 = 2*g + 5*g. What is the tens digit of g?
8
Let v(x) = x**2 - 7 + 4*x**2 - 2*x**2 - 7*x. Let l(c) = 10*c**2 - 22*c - 21. Let k(q) = 2*l(q) - 7*v(q). What is the units digit of k(6)?
1
Let a(l) = -l + 1. Let u be a(-1). Suppose -2*d = u*d - 116. What is the tens digit of d?
2
Suppose -2*p + 111 = 3*r, 4*r = 5*p - 0*r - 266. What is the tens digit of p?
5
Let q(v) = -v**3 - 10*v**2 - 9*v + 4. Let t be q(-9). Let b be (0 + (-2)/(-4))*-48. What is the units digit of ((-6)/t)/(4/b)?
9
Let f = -5 - -6. What is the tens digit of (2 - f)*156/4?
3
Suppose 4*l = -0 - 4. Suppose m = p + 3 - 10, m = -3*p + 13. Let j = l - m. What is the units digit of j?
1
Let b = 8 - -2. What is the units digit of b?
0
Let j = -8 + 10. Suppose -3*h - 4*x + j = 7, -5*h + 5*x + 15 = 0. What is the units digit of h?
1
Suppose s + 13 = 5*h, 2*s = -h + s + 5. Let a = h - -1. Let i = a + -3. What is the units digit of i?
1
Let o = -8 - -11. Let k be 1/(-2 + o)*3. Let n = 7 - k. What is the units digit of n?
4
Suppose -2*j - 4*t = -176, 2*t = 3*j - t - 219. What is the units digit of j?
8
Let v(b) be the first derivative of -b**2 + b - 6. What is the units digit of v(-13)?
7
Let x(m) = m**2 - 5*m - 2. Let b be 2 + -1 + (3 - 6). Let u be b/(-6) + 184/24. What is the tens digit of x(u)?
2
Let y(p) = p**3 + 8*p**2 - 12*p - 3. What is the units digit of y(-9)?
4
Let c(g) = -g**3 + g**2 - 2*g - 2. Suppose -8*l + 8 = -4*l + h, -4 = -h. Let d = l + -3. What is the units digit of c(d)?
4
Let h = 13 + 79. Suppose 1 - h = -k. Suppose 0 = -5*n + 3*c + k, 5*c = -2*n + 2 + 22. What is the units digit of n?
7
Let b be -2*1*(-3)/(-6). Let y(l) = -4*l + 1. Let z be y(b). Suppose -z*n + 5*r + 50 = 0, 6*r + 36 = 3*n + r. What is the units digit of n?
7
Let r = 1 + 1. Let v(d) = 5*d**2 - 5*d**r + 5 - d**2 - 7*d. What is the units digit of v(-7)?
5
Let i(j) = j**3 + 10*j**2 + 10*j + 11. What is the units digit of i(-9)?
2
Suppose 0 = g - 3*u + 2, -3*g + 5*u - 12 = -2. Let x be g/(-3)*(-8 + 59). Suppose -5*y - 2*c + x = -7*c, 3*y - 4*c - 54 = 0. What is the units digit of y?
4
Suppose w + 4*l = 4 - 8, 2*l + 2 = 0. Suppose w = -3*h - 2*h + 15. What is the units digit of h?
3
Suppose 10 = 5*p - 0*p. Suppose p*g + g = 42. What is the tens digit of g?
1
Let b = 0 + 5. Let p(u) = -u**3 + 5*u**2 + 2. Let g be p(b). Suppose 0 = 2*s + 2*o - 6 + 2, 0 = -g*s - 3*o + 2. What is the units digit of s?
4
Suppose -11*x + 9*x + 26 = 0. What is the units digit of x?
3
Let k(n) = -n**3 - 4*n**2 - 2*n - 5. Suppose l + 12 = -l + 2*v, -4*l = -v + 18. Let t be k(l). What is the units digit of (-2)/(-4)*48/t?
8
Let z = -37 - -60. Suppose 4*x - z - 21 = 0. Let y = x - 7. What is the units digit of y?
4
Suppose -30 = -4*g - 2*v, -3*v = 5 - 2. Suppose -k + 8 = -0*k. Suppose -4*o + k = -3*r - g, 4*o + r - 32 = 0. What is the units digit of o?
7
Let d be 1*7 - (-1 + 3). Suppose -q - 10 = -5*y, -22 = -d*q + 3. Suppose -c - 5*o = -3*o - y, -3*o + 15 = 3*c. What is the units digit of c?
7
Let w = 8 - -16. What is the units digit of w?
4
Suppose 2*c + 48 = -4*f, -8 = 2*f - 4*f. Let v = -9 - c. What is the tens digit of v?
2
Let t = 3 - 0. Let c be 24 + t/3 + -2. Suppose 2 = -2*s + 2*p + 8, s + 4*p = c. What is the units digit of s?
7
Suppose 0 = -p - 4*u + 15, -4*p + 5 = 2*u - 13. Let f be (6 + 0)*((-6)/(-4) - 1). Suppose -f*a = 2*g - 27, -3*a - p*g + 33 = g. What is the units digit of a?
7
Let k be 4/(-2*(-3)/18). Suppose -2*l = 3*s - k + 36, 0 = 4*s + 8. What is the units digit of l/36 + (-85)/(-4)?
1
Suppose 0 = 5*x - 2 - 8. What is the units digit of x?
2
Let l be 0 - 6/((-3)/1). Let n be 1*(l + 1)/1. Let w = n - -11. What is the tens digit of w?
1
Suppose 0 = -3*m - 5*w - 50, -2*m + 2*w = -2*w + 26. Let q = m - -36. What is the tens digit of q?
2
Let d be (-4)/(-3) - 2/6. Let n be -2 - (d + -3 + 0). Let u = n - -1. What is the units digit of u?
1
Let a = 42 + 21. What is the tens digit of a?
6
Let c(j) = -j - 5. Let t be c(-7). Suppose 2*w - 2 = t. Suppose -5*g + 23 = 2*q + q, -w*g = 4*q - 12. What is the units digit of q?
1
Let f be 44/6 - 7/21. Suppose 15 = 2*i - f. Let l = 1 + i. What is the units digit of l?
2
Suppose 0 = -2*v + 3*z + 2, 6 = 4*v - 5*z + 4. Let q = v - -12. What is the tens digit of -5*8/q*-4?
1
Let y be 1*1/2*4. Suppose -2*q + 1 = -m, 3*m + 2 + 9 = -y*q. What is the units digit of 84/8 + q/2?
0
Suppose -3*c = 1 - 4. What is the units digit of -2 + 3/c - -1?
2
Let n = 12 - 8. Suppose 0 = n*r - 5*r + 4. What is the units digit of r?
4
Let t = -5 + 22. What is the units digit of t?
7
Let r(f) = f**2 + 5*f + 6. What is the units digit of r(-5)?
6
Suppose 2*q + 0*a + 4*a - 16 = 0, -4*q + 5 = -a. Let r be q/(4/54*3). Let t = r + -2. What is the units digit of t?
7
Let d be ((-2)/6)/((-4)/408). What is the units digit of (-2)/2 + d + -3?
0
Let o(f) be the third derivative of f**4/8 - 7*f**3/6 + 2*f**2. Suppose 3*r - 5*r + 2 = -5*n, 0 = -2*r + 4*n + 4. What is the units digit of o(r)?
1
Let r(i) = 3 + 5*i - i**2 + 4*i**2 - 2*i**2. Let g be r(-3). Let j = -1 - g. What is the units digit of j?
2
Let j be 835/20 - 2/(-8). Suppose -3*q = -0*q - j. What is the tens digit of q?
1
Let g = 17 - 31. What is the units digit of (-6)/8 - g/8?
1
Let w be 0 + -2 - 0 - -6. Let g be (-2)/(-3)*66/w. Suppose 4*j = -2*l + 14, 0*j + j + 2*l = g. What is the units digit of j?
1
Let p(q) = q**2 - 16*q - 25. What is the units digit of p(21)?
0
Let v = -6 - -8. Suppose -46 = -4*c + 3*i - v*i, 0 = 2*c + 2*i - 28. What is the tens digit of c?
1
Suppose -d = -2*t - 191 + 30, -2*d - 3*t = -343. What is the hundreds digit of d?
1
Let c be (-1 + 6)*72/(-20). Let b = 34 + c. Suppose 4*v - z - 54 + b = 0, -2*v + 10 = 4*z. What is the units digit of v?
9
Let m(o) = o**2 - 3*o - 1. Let x = 8 - 4. Let l be m(x). Suppose 5*p + 10 = 0, 0 = -l*g - p - 2*p + 21. What is the units digit of g?
9
Let s = -109 - -186. Let i = -47 + s. What is the units digit of i?
0
Let y(n) = n**3 - 6*n**2 + 10. Let r(p) = -1. Let l(z) = 3*r(z) + y(z). What is the units digit of l(6)?
7
What is the units digit of 4/6*(-138)/4*-1?
3
Let m(x) = -x**3 + 15*x**2 - 6*x - 26. What is the tens digit of m(14)?
8
Let o(f) = 6*f + 1. Let b(p) = -1. Let n(g) = 4*b(g) - o(g). What is the units digit of n(-4)?
9
Let c(y) = -y**2 + 7*y + 11. What is the units digit of c(7)?
1
Let f = -74 + 149. What is the tens digit of f?
7
Let r be ((-9)/18)/((-1)/6). Suppose r*b - 11 = -2. Suppose b*k + 5*j = -8 + 28, 0 = k - 5*j. What is the units digit of k?
5
Suppose 4*o - 69 = -2*x + o, -4*o - 12 = 0. Let y = x - 27. What is the units digit of y?
2
Let z be -3*(-7)/3 - 2. Suppose z*t + 5*m + 3 - 13 = 0, -6 = t - m. Let k = t + 3. What is the units digit of k?
1
Let r(b) = -b**3 - 6*b**2 - 3*b - 3. Let u = 1 + -7. What is the units digit of r(u)?
5
Let i(l) = -l**2 + 2*l + 13. Let a be i(0). Let u = 17 - a. What is the units digit of u?
4
Let t = -4 + 4. Suppose t = -0*i - 2*i + 6. Suppose -i*n + 26 = -n. What is the tens digit of n?
1
Let y be 3/12 - (-79)/4. What is the units digit of 2/4*(-2 + y)?
9
Let u = 79 - 24. Let b be (1 + -5)/(-1 - -2). What is the units digit of b/22 + 285/u?
5
Let t = -14 + 34. What is the tens digit of t?
2
Let w = 4 - -5. Let x(t) = -4 - 2 - t**3 - 9*t - w*t**2 + 0*t. What is the units digit of x(-8)?
2
Suppose 45 = 14*n - 11. What is the units digit of n?
4
Let k(o) = o**3 + 10*o**2 - 5*o + 16. What is the tens digit of k(-10)?
6
Let p = -2 + 5. Suppose -p*j = -4*j + 3. What is the units digit of j?
3
Let l(o) = 3*o + 2 - 4*o - o**2 - o. What is the units digit of l(-2)?
2
Let a(o) = o - 2. Let n be a(2). Suppose 4*q - u = -0*u - 32, n = -q + u - 8. Let b(v) = v + 9. What is the units digit of b(q)?
1
Suppose 15 = 2*y - 5*i + 4*i, -3*y = -2*i - 20. Let p = y - 7. Suppose -3*a - p*t - 10 = -4, -t = 2*a - 1. What is the units digit of a?
3
Let j be (4/(-12))/(2/(-24)). Suppose 0 = -j*b + 11 + 5. What is the units digit of b?
4
Let t(o) 